 remainder when u is divided by b?
40
Let x(q) = 10*q + 41. What is the remainder when x(18) is divided by 77?
67
Let s(j) = 2*j**2 + 4*j + 17. What is the remainder when 84 is divided by s(-3)?
15
Let k = 23 + -5. Suppose k - 117 = f. Calculate the remainder when 15 is divided by 18/f + (-68)/(-11).
3
Let i(y) = 7*y**3 - 2*y**2 - 2*y + 1. What is the remainder when i(3) is divided by 8?
6
Suppose 0 = 3*y - 9, -5*r + 2*y + 19 + 10 = 0. Let q(o) = -o**3 - 7*o**2 - 5*o + 8. What is the remainder when r is divided by q(-6)?
1
Let i = 408 + -315. What is the remainder when i is divided by 55?
38
Let v = 314 - 284. What is the remainder when 110 is divided by v?
20
Suppose 19*m = 25*m - 36. What is the remainder when 9 is divided by m?
3
Let p(v) = -v**2 - 16*v + 30. Calculate the remainder when p(-14) is divided by 7.
2
Let b be (-969)/9 - 5/15. Let s = 73 + b. Let a = s + 61. Calculate the remainder when a is divided by 9.
8
Let r(g) = 7*g - 58. What is the remainder when 223 is divided by r(25)?
106
What is the remainder when 239 is divided by 5/2 + -3 - (-332)/8?
34
Let m(x) = -2*x**3 - 3*x**2 + 6*x + 6. Calculate the remainder when m(-4) is divided by 11.
7
Let i(a) = -23*a + 16. Calculate the remainder when i(-5) is divided by 32.
3
Suppose h - 3 = d, 0 = 4*h - d - 0 + 3. Calculate the remainder when 18 + 2 + -4 + h is divided by 3.
2
Let g(p) be the first derivative of -p**3/3 - 4*p**2 + 92*p - 37. What is the remainder when g(-14) is divided by 4/(-2) + 9 - 1?
2
Let d(j) = 6*j - 1. Let x be d(-7). Let m = -17 - x. Suppose -5*q - 42 = -5*v + 8, -4*v + q = -52. What is the remainder when m is divided by v?
12
Let j = -114 + -12. Let r = j - -249. Calculate the remainder when r is divided by 14.
11
Let c(s) = -18*s - 39. Let l(x) = -x**2 - x + 1. Let v(j) = -c(j) + l(j). Let d = 0 - -6. Calculate the remainder when v(18) is divided by d.
4
Let s(v) = -3*v - 25. Let u be s(0). Let k = u + 27. What is the remainder when 12 is divided by (-7*8/(-4))/k?
5
Let c = 87 - 82. Suppose -16 = -c*r - o - 5, 2*r - 5 = -o. Let w = -12 - -21. What is the remainder when w is divided by r?
1
Let u = 166 + -1. What is the remainder when u is divided by 6?
3
Suppose -2*x + 0 = -2*y + 2, -2*y + 4*x = 4. Calculate the remainder when 29 is divided by y.
1
What is the remainder when 238 is divided by 15/(15*(-1)/(-35))?
28
Let j(z) = 121*z - 136. What is the remainder when 351 is divided by j(2)?
33
Let a = -1306 + 1903. Calculate the remainder when a is divided by 13.
12
Let q be 1*4/(-8)*-8. Suppose q*m + 4*o = 208, -2 + 0 = 2*o. What is the remainder when m is divided by 18?
17
What is the remainder when (-1542)/15*140/(-56) is divided by 26?
23
What is the remainder when 37 is divided by (-4)/3*(-615)/82?
7
Let q(w) = w**3 + 11*w**2 - 16*w + 8. Calculate the remainder when q(-12) is divided by (-18 - -13)*(-1 - 2).
11
Let n(q) = q**2 - 11*q - 7. Let f be n(14). Suppose 2*i - f = -0*i + 3*g, 5*i + 5*g - 25 = 0. What is the remainder when 35 is divided by i?
5
Let w(n) = n**2 + n + 1. Let q(h) = 2*h**3 - 4*h**2 - 2*h - 3. Let l(x) = q(x) + 2*w(x). Let s = -47 - -67. What is the remainder when s is divided by l(2)?
6
What is the remainder when 81 is divided by (-1)/((-18)/636) + 7/(-21)?
11
Suppose -20*j - 792 = 13*j. Let o = -55 - 46. Let z = j - o. What is the remainder when z is divided by 20?
17
Let q = 7 - -3. Suppose s = -5*a + 18, 5*s = 3*s + 3*a + q. What is the remainder when 30 is divided by s?
6
Let q(u) = 11*u**2 - 20*u - 21. Calculate the remainder when q(7) is divided by 19.
17
Suppose 6*m - 7*m = 5*q + 1, -4*m = 5*q - 41. Calculate the remainder when 138 is divided by m.
12
Let o(y) = 31*y - 104. What is the remainder when 74 is divided by o(4)?
14
Suppose 5*q + 8*m = 10*m + 2025, -m = 0. Calculate the remainder when q is divided by 14.
13
Suppose 11*g - 4774 = -20*g. What is the remainder when g is divided by 31?
30
Let n(g) = g**2 - 21*g - 117. What is the remainder when 181 is divided by n(26)?
12
Let f = -50 + 86. Let y = -11 + f. Suppose -6*v - 9 = -63. What is the remainder when y is divided by v?
7
Let o(i) = -i**3 - 7*i**2 - i + 2. Let z(j) = -j**2 - j + 1. Let x(q) = -o(q) + z(q). What is the remainder when 90 is divided by x(-4)?
28
Let i = -169 + 181. Let b(j) be the first derivative of j**2 - 17*j - 1. What is the remainder when 19 is divided by b(i)?
5
Let n(r) = -r**2 - 8*r. Calculate the remainder when (-2)/8*3540/(-15) is divided by n(-6).
11
Suppose -24 = -4*y + 3*a - 7, -3*a = -y - 7. Suppose -y*l = 12*l - 240. Suppose 0*w = 2*w - 66. Calculate the remainder when w is divided by l.
9
Let f = -11 - -131. What is the remainder when f is divided by 11?
10
What is the remainder when 2/4 + (-1253)/(-14) + 4 is divided by 22?
6
Suppose -w + 43 = -77. Suppose -4*j = -4*x + w, -3*j + 67 = 4*x - 32. Calculate the remainder when 80 is divided by x.
26
Let a be (6/(-15) + 32/5)/1. Suppose -5*y = -c + 13 + 5, -y = -c + a. What is the remainder when 3 is divided by c?
0
Let k = 811 - 789. Calculate the remainder when (-1)/(-2) - (-330)/4 is divided by k.
17
Suppose -r + 2*h + 21 = 0, r - 2 - 7 = -2*h. Let o(s) = -s**3 - 8*s**2 - 9*s - 5. Suppose -4*b = 28 - 0. Calculate the remainder when r is divided by o(b).
6
Let z(p) be the first derivative of 7*p**2/2 - 30*p + 34. Calculate the remainder when z(9) is divided by 18.
15
Let v = -233 - -259. Let r(z) = -z**2 + 14. Let q be (-3 - -3)*(-1 + 0). Calculate the remainder when v is divided by r(q).
12
Let m(b) = 14*b**2 + 77*b + 6. Let q(v) = -9*v**2 - 51*v - 4. Let y(z) = 5*m(z) + 8*q(z). Calculate the remainder when y(-11) is divided by 3.
0
Let t be 47 - (-3 + 25/5). Calculate the remainder when 31 is divided by (-92)/(-10) - 9/t.
4
Let p = -32 - -41. Calculate the remainder when 170 is divided by p.
8
Let s(a) = a**2 - a - 3. Let n be s(3). Suppose -n*y + 14 = 2. Let l = 17 - y. Calculate the remainder when 24 is divided by l.
11
Suppose -x - 41 + 137 = 0. What is the remainder when x is divided by 30?
6
Let j(z) = 21*z - 252. Calculate the remainder when 416 is divided by j(14).
38
Let t(o) = 73*o + 5. Let f be t(3). Suppose -7*i + f = -3*i. What is the remainder when i is divided by 15?
11
Let b(q) = q + 20. What is the remainder when 43 is divided by b(-4)?
11
Let k(y) = -y**2 + 4*y + 6. Suppose -j - 2*g = -6, j = 6*j + 3*g - 16. Suppose -3*a + j*a + 11 = 0. What is the remainder when a is divided by k(0)?
5
Suppose -7*d = -155 - 209. Suppose d = 2*y - 134. What is the remainder when y is divided by 16?
13
Suppose 0 = s - 2*v - 12 - 12, 2*s = -2*v + 66. Calculate the remainder when s is divided by 16.
14
Let p be (-1)/(-1 - 180/(-184)). Let k = p - 24. What is the remainder when k is divided by 8?
6
Suppose 2*w + 9*o = 4*o - 4, 2*w = 3*o - 4. Calculate the remainder when w*1*(-213)/6 is divided by 25.
21
Suppose 5*r - 2*g = 127, 0*r - 112 = -4*r - g. Let x(n) = n**3 + 15*n**2 + 44*n + 436. What is the remainder when r is divided by x(-14)?
11
Suppose -3*g + 4*g - 99 = -i, 2*i - 4 = 0. Suppose 4*w = -0*z + z + 60, 4*w + 5*z = 36. Calculate the remainder when g is divided by w.
13
Let j(w) = 3*w**2 + w - 1. Let l be j(1). Suppose -68 = -2*m - 2*d, -l = 4*d - 3*d. Let g = -588 - -598. Calculate the remainder when m is divided by g.
7
Suppose -2*m + 33 = -5*q, 0*q + 5*q - 3 = -2*m. Calculate the remainder when 2/10*118 + 15/(-25) is divided by m.
5
Suppose -x = -2*w - 18, 3*w + 97 = -x + 6*x. What is the remainder when ((-474)/(-12))/((-2)/(-4)) is divided by x?
19
Let q = 0 - 0. Suppose m + q = 4. Let b = -14 - -35. Calculate the remainder when b is divided by m.
1
Let n = -33 + 36. Suppose z + 10 = x, 16 = -2*x + n*x + z. Let g = 11 - 6. What is the remainder when x is divided by g?
3
Let u = 79 + -62. Suppose 21 = a + 5*c, 3*a + 3*c - 77 = 10. Calculate the remainder when a is divided by u.
14
Suppose 4*r = -3*b + 52, b + 5*r = 31 + 1. Calculate the remainder when b is divided by 2.
0
Suppose -12*j = -23*j + 132. Calculate the remainder when 46 is divided by j.
10
Let t(q) be the first derivative of -q**2 + 2*q + 2. Let n = -3434 - -3501. Calculate the remainder when n is divided by t(-6).
11
Suppose -24*f - 228 = -678 - 6. Calculate the remainder when 113 + (-1 + 1 - 1) is divided by f.
